{"id":285,"date":"2024-02-26T17:31:43","date_gmt":"2024-02-26T20:31:43","guid":{"rendered":"https:\/\/tavaresmachado.adv.br\/site\/?page_id=285"},"modified":"2024-02-26T17:38:27","modified_gmt":"2024-02-26T20:38:27","slug":"politica-de-privacidade","status":"publish","type":"page","link":"https:\/\/tavaresmachado.adv.br\/site\/politica-de-privacidade\/","title":{"rendered":"Politica de privacidade"},"content":{"rendered":"\t\t<div data-elementor-type=\"wp-page\" data-elementor-id=\"285\" class=\"elementor elementor-285\" data-elementor-post-type=\"page\">\n\t\t\t\t\t\t<section class=\"elementor-section elementor-top-section elementor-element elementor-element-1b35370b elementor-section-boxed elementor-section-height-default elementor-section-height-default\" data-id=\"1b35370b\" data-element_type=\"section\">\n\t\t\t\t\t\t<div class=\"elementor-container elementor-column-gap-default\">\n\t\t\t\t\t<div class=\"elementor-column elementor-col-100 elementor-top-column elementor-element elementor-element-7688ab16\" data-id=\"7688ab16\" data-element_type=\"column\">\n\t\t\t<div class=\"elementor-widget-wrap elementor-element-populated\">\n\t\t\t\t\t\t<div class=\"elementor-element elementor-element-41a9778c elementor-widget elementor-widget-heading\" data-id=\"41a9778c\" data-element_type=\"widget\" data-widget_type=\"heading.default\">\n\t\t\t\t<div class=\"elementor-widget-container\">\n\t\t\t<h2 class=\"elementor-heading-title elementor-size-default\">Pol\u00edtica de Privacidade<\/h2>\t\t<\/div>\n\t\t\t\t<\/div>\n\t\t\t\t<div class=\"elementor-element elementor-element-36a7bea2 elementor-widget elementor-widget-text-editor\" data-id=\"36a7bea2\" data-element_type=\"widget\" data-widget_type=\"text-editor.default\">\n\t\t\t\t<div class=\"elementor-widget-container\">\n\t\t\t\t\t\t\t<p><span style=\"font-weight: 400;\">N\u00f3s, da Tavares e Machado , nos comprometemos em proteger a privacidade dos usu\u00e1rios do nosso site. Esta pol\u00edtica de privacidade descreve como coletamos, usamos, armazenamos e compartilhamos as informa\u00e7\u00f5es pessoais dos usu\u00e1rios que visitam o nosso site e interagem com nossos an\u00fancios.<\/span><\/p>\t\t\t\t\t\t<\/div>\n\t\t\t\t<\/div>\n\t\t\t\t<div class=\"elementor-element elementor-element-4026e476 elementor-widget elementor-widget-heading\" data-id=\"4026e476\" data-element_type=\"widget\" data-widget_type=\"heading.default\">\n\t\t\t\t<div class=\"elementor-widget-container\">\n\t\t\t<h2 class=\"elementor-heading-title elementor-size-default\">Coleta de informa\u00e7\u00f5es:<\/h2>\t\t<\/div>\n\t\t\t\t<\/div>\n\t\t\t\t<div class=\"elementor-element elementor-element-170c3d7f elementor-widget elementor-widget-text-editor\" data-id=\"170c3d7f\" data-element_type=\"widget\" data-widget_type=\"text-editor.default\">\n\t\t\t\t<div class=\"elementor-widget-container\">\n\t\t\t\t\t\t\t<ul><li>Coletamos informa\u00e7\u00f5es pessoais dos usu\u00e1rios quando eles se inscrevem em nossa lista de email, preenchem formul\u00e1rios em nosso site ou interagem com nossos an\u00fancios.<br \/><br \/><\/li><li>As informa\u00e7\u00f5es coletadas incluem, entre outras, nome, endere\u00e7o de e-mail e n\u00famero de telefone.<br \/><br \/><\/li><li>Al\u00e9m disso, tamb\u00e9m coletamos informa\u00e7\u00f5es n\u00e3o pessoais, como endere\u00e7o IP, tipo de dispositivo e prefer\u00eancias de navega\u00e7\u00e3o.<\/li><\/ul>\t\t\t\t\t\t<\/div>\n\t\t\t\t<\/div>\n\t\t\t\t<div class=\"elementor-element elementor-element-4aa56924 elementor-widget elementor-widget-heading\" data-id=\"4aa56924\" data-element_type=\"widget\" data-widget_type=\"heading.default\">\n\t\t\t\t<div class=\"elementor-widget-container\">\n\t\t\t<h2 class=\"elementor-heading-title elementor-size-default\">Uso de informa\u00e7\u00f5es:<\/h2>\t\t<\/div>\n\t\t\t\t<\/div>\n\t\t\t\t<div class=\"elementor-element elementor-element-4732072a elementor-widget elementor-widget-text-editor\" data-id=\"4732072a\" data-element_type=\"widget\" data-widget_type=\"text-editor.default\">\n\t\t\t\t<div class=\"elementor-widget-container\">\n\t\t\t\t\t\t\t<ul><li>Usamos as informa\u00e7\u00f5es coletadas para melhorar a experi\u00eancia do usu\u00e1rio em nosso site e para personalizar nossos an\u00fancios.<br \/><br \/><\/li><li>Tamb\u00e9m usamos as informa\u00e7\u00f5es para enviar emails de marketing e outras comunica\u00e7\u00f5es relevantes aos usu\u00e1rios que se inscreveram em nossa lista de email.<br \/><br \/><\/li><li>N\u00e3o venderemos ou compartilharemos as informa\u00e7\u00f5es pessoais dos usu\u00e1rios com terceiros, exceto quando requisitado por lei ou para proteger os interesses leg\u00edtimos do nosso site.<\/li><\/ul>\t\t\t\t\t\t<\/div>\n\t\t\t\t<\/div>\n\t\t\t\t<div class=\"elementor-element elementor-element-418c976e elementor-widget elementor-widget-heading\" data-id=\"418c976e\" data-element_type=\"widget\" data-widget_type=\"heading.default\">\n\t\t\t\t<div class=\"elementor-widget-container\">\n\t\t\t<h2 class=\"elementor-heading-title elementor-size-default\">Armazenamento de informa\u00e7\u00f5es:\n<\/h2>\t\t<\/div>\n\t\t\t\t<\/div>\n\t\t\t\t<div class=\"elementor-element elementor-element-593be3e0 elementor-widget elementor-widget-text-editor\" data-id=\"593be3e0\" data-element_type=\"widget\" data-widget_type=\"text-editor.default\">\n\t\t\t\t<div class=\"elementor-widget-container\">\n\t\t\t\t\t\t\t<ul><li>Armazenamos as informa\u00e7\u00f5es pessoais dos usu\u00e1rios de maneira segura com protocolos de seguran\u00e7a.<br \/><br \/><\/li><li>Adotamos medidas de seguran\u00e7a apropriadas para proteger contra a perda, uso indevido ou altera\u00e7\u00e3o das informa\u00e7\u00f5es pessoais dos usu\u00e1rios.<\/li><\/ul>\t\t\t\t\t\t<\/div>\n\t\t\t\t<\/div>\n\t\t\t\t<div class=\"elementor-element elementor-element-777163c7 elementor-widget elementor-widget-heading\" data-id=\"777163c7\" data-element_type=\"widget\" data-widget_type=\"heading.default\">\n\t\t\t\t<div class=\"elementor-widget-container\">\n\t\t\t<h2 class=\"elementor-heading-title elementor-size-default\">Comunica\u00e7\u00e3o de mudan\u00e7as:\n<\/h2>\t\t<\/div>\n\t\t\t\t<\/div>\n\t\t\t\t<div class=\"elementor-element elementor-element-438f7511 elementor-widget elementor-widget-text-editor\" data-id=\"438f7511\" data-element_type=\"widget\" data-widget_type=\"text-editor.default\">\n\t\t\t\t<div class=\"elementor-widget-container\">\n\t\t\t\t\t\t\t<ul><li>Reservamo-nos o direito de alterar esta pol\u00edtica de privacidade a qualquer momento.<br \/><br \/><\/li><li>Se fizermos quaisquer mudan\u00e7as significativas na forma como tratamos as informa\u00e7\u00f5es pessoais dos usu\u00e1rios, notificaremos os usu\u00e1rios por e-mail ou por meio de uma atualiza\u00e7\u00e3o desta pol\u00edtica de privacidade no nosso site.<\/li><\/ul>\t\t\t\t\t\t<\/div>\n\t\t\t\t<\/div>\n\t\t\t\t<div class=\"elementor-element elementor-element-ffa428 elementor-widget elementor-widget-heading\" data-id=\"ffa428\" data-element_type=\"widget\" data-widget_type=\"heading.default\">\n\t\t\t\t<div class=\"elementor-widget-container\">\n\t\t\t<h2 class=\"elementor-heading-title elementor-size-default\">Contato:\n<\/h2>\t\t<\/div>\n\t\t\t\t<\/div>\n\t\t\t\t<div class=\"elementor-element elementor-element-697291d0 elementor-widget elementor-widget-text-editor\" data-id=\"697291d0\" data-element_type=\"widget\" data-widget_type=\"text-editor.default\">\n\t\t\t\t<div class=\"elementor-widget-container\">\n\t\t\t\t\t\t\t<ul><li>Se tiver alguma d\u00favida entre em contato pelos seguintes canais: (41) 99193-3117<\/li><\/ul>\t\t\t\t\t\t<\/div>\n\t\t\t\t<\/div>\n\t\t\t\t\t<\/div>\n\t\t<\/div>\n\t\t\t\t\t<\/div>\n\t\t<\/section>\n\t\t\t\t<\/div>\n\t\t","protected":false},"excerpt":{"rendered":"<p>Pol\u00edtica de Privacidade N\u00f3s, da Tavares e Machado , nos comprometemos em proteger a privacidade dos usu\u00e1rios do nosso site. Esta pol\u00edtica de privacidade descreve como coletamos, usamos, armazenamos e compartilhamos as informa\u00e7\u00f5es pessoais dos usu\u00e1rios que visitam o nosso site e interagem com nossos an\u00fancios. Coleta de informa\u00e7\u00f5es: Coletamos informa\u00e7\u00f5es pessoais dos usu\u00e1rios quando [&hellip;]<\/p>\n","protected":false},"author":1,"featured_media":0,"parent":0,"menu_order":0,"comment_status":"closed","ping_status":"closed","template":"elementor_header_footer","meta":{"footnotes":""},"class_list":["post-285","page","type-page","status-publish","hentry"],"_links":{"self":[{"href":"https:\/\/tavaresmachado.adv.br\/site\/wp-json\/wp\/v2\/pages\/285","targetHints":{"allow":["GET"]}}],"collection":[{"href":"https:\/\/tavaresmachado.adv.br\/site\/wp-json\/wp\/v2\/pages"}],"about":[{"href":"https:\/\/tavaresmachado.adv.br\/site\/wp-json\/wp\/v2\/types\/page"}],"author":[{"embeddable":true,"href":"https:\/\/tavaresmachado.adv.br\/site\/wp-json\/wp\/v2\/users\/1"}],"replies":[{"embeddable":true,"href":"https:\/\/tavaresmachado.adv.br\/site\/wp-json\/wp\/v2\/comments?post=285"}],"version-history":[{"count":4,"href":"https:\/\/tavaresmachado.adv.br\/site\/wp-json\/wp\/v2\/pages\/285\/revisions"}],"predecessor-version":[{"id":290,"href":"https:\/\/tavaresmachado.adv.br\/site\/wp-json\/wp\/v2\/pages\/285\/revisions\/290"}],"wp:attachment":[{"href":"https:\/\/tavaresmachado.adv.br\/site\/wp-json\/wp\/v2\/media?parent=285"}],"curies":[{"name":"wp","href":"https:\/\/api.w.org\/{rel}","templated":true}]}}